{"id":122,"date":"2018-02-21T21:54:28","date_gmt":"2018-02-21T20:54:28","guid":{"rendered":"https:\/\/preweb.regionetz.net\/?page_id=122"},"modified":"2018-03-08T15:43:51","modified_gmt":"2018-03-08T14:43:51","slug":"stammdaten","status":"publish","type":"page","link":"https:\/\/www.regionetz.net\/index.php\/kundenportal\/stammdaten\/","title":{"rendered":"Stammdaten"},"content":{"rendered":"<p><code><br \/><iframe loading=\"lazy\" title=\"Kundenportal\" src=\"https:\/\/root.regionetz.net\/kundenportal\/stammdaten.php\" width=\"707\" height=\"1100\" frameborder=\"0\"><\/iframe><br \/><\/code><\/p>\n<h1>\n\t\tStammdatenpflege<br \/>\n\t<\/h1>\n<p>Hier k\u00f6nnen Sie Ihre bei uns hinterlegten Stammdaten \u00e4ndern. Telefonnummer, Handynummer und Mailadresse. (Bei \u00c4nderung der Mailadresse m\u00fcssen Sie zuk\u00fcnftig auch diese zur Anmeldung benutzen.<\/p>\n","protected":false},"excerpt":{"rendered":"<p>Stammdatenpflege Hier k\u00f6nnen Sie Ihre bei uns hinterlegten Stammdaten \u00e4ndern. Telefonnummer, Handynummer und Mailadresse. (Bei \u00c4nderung der Mailadresse m\u00fcssen Sie zuk\u00fcnftig auch diese zur Anmeldung benutzen.<\/p>\n","protected":false},"author":1,"featured_media":0,"parent":72,"menu_order":2,"comment_status":"closed","ping_status":"closed","template":"","meta":{"footnotes":""},"class_list":["post-122","page","type-page","status-publish","hentry"],"_links":{"self":[{"href":"https:\/\/www.regionetz.net\/index.php\/wp-json\/wp\/v2\/pages\/122","targetHints":{"allow":["GET"]}}],"collection":[{"href":"https:\/\/www.regionetz.net\/index.php\/wp-json\/wp\/v2\/pages"}],"about":[{"href":"https:\/\/www.regionetz.net\/index.php\/wp-json\/wp\/v2\/types\/page"}],"author":[{"embeddable":true,"href":"https:\/\/www.regionetz.net\/index.php\/wp-json\/wp\/v2\/users\/1"}],"replies":[{"embeddable":true,"href":"https:\/\/www.regionetz.net\/index.php\/wp-json\/wp\/v2\/comments?post=122"}],"version-history":[{"count":6,"href":"https:\/\/www.regionetz.net\/index.php\/wp-json\/wp\/v2\/pages\/122\/revisions"}],"predecessor-version":[{"id":144,"href":"https:\/\/www.regionetz.net\/index.php\/wp-json\/wp\/v2\/pages\/122\/revisions\/144"}],"up":[{"embeddable":true,"href":"https:\/\/www.regionetz.net\/index.php\/wp-json\/wp\/v2\/pages\/72"}],"wp:attachment":[{"href":"https:\/\/www.regionetz.net\/index.php\/wp-json\/wp\/v2\/media?parent=122"}],"curies":[{"name":"wp","href":"https:\/\/api.w.org\/{rel}","templated":true}]}}